- 1) + (-182 - (190 - 351)).
-45
Evaluate -2 + 4 + -6 + 1 + (722 - 848).
-129
What is (-11 - -4) + -8 + 1 + (32 - (12 - 6))?
12
(-121 - (-2 - 102)) + 2 + -2 + 119
102
What is (-7000 - -7086) + -1 + 3 + 1?
89
Evaluate -29 + (11 - -19) - -17.
18
Evaluate (0 + 66 - (-192 + 187)) + -30.
41
-208 + 234 - (-5 - -40)
-9
(3 - 131) + 258 + -219
-89
31618 - 31661 - (1 - 1)
-43
What is the value of -1 + 43 - (-9 + (15 - 20) + 14)?
42
Evaluate (-135 - -17) + 115 - (-21 - -1).
17
Calculate -2 + 38 + (12 - (20 - (16 - 21))).
23
What is the value of 49 + (38 - 2 - (-291 - -304))?
72
Calculate 203 + -210 + 0 + -1 - (-10 - -19).
-17
What is the value of 181 - (294 + -136 - 80)?
103
What is the value of 62 + -28 + 0 + -4 + 26?
56
-749 + 821 - ((-3 - (-4 - -2)) + -11 + -4)
88
Evaluate (3 + -2 - -10) + -53 + 20 + 4.
-18
Calculate -12 + -11 + (-2 - -1) + -43 + 8 + 38.
-21
(-18 - -11 - (-11 + 21)) + -7 + 4
-20
Calculate -4 - 24 - (59 - 1 - 57).
-29
What is -15 - (15 + (-13 - (-2 + -1)))?
-20
What is the value of -2 + 1 + 21 - 32 - 7?
-19
Calculate -73 + 62 + -9 + (5 - -2).
-13
What is the value of -607 - -466 - (-101 - 4)?
-36
What is -10 + -73 + (12 - -9) + 23?
-39
Calculate (-5 - 0) + 24 + (-11 - 36 - -27) + 30.
29
Calculate 226 - 77 - 221 - 60.
-132
What is -4 + (-15 + 3 + 6 + -3 - (8 + -9))?
-12
-6 - ((-12 + 21 - -7) + 1)
-23
87 + (-7 + 5 - -3) + (2572 - 2551)
109
What is 99 + 25 + 46 + -69 + 20?
121
Evaluate 73 - 62 - (-29 + 59).
-19
(16 - 7) + (-5 - (-1 - 24) - 0)
29
What is the value of (-11 + 7 - 8 - (8 - 28)) + -9 - 53?
-54
-105 - (-46 - 41) - (-2 - (-3 + 18))
-1
Calculate -32 + 10 + (-16 - -15) + -27.
-50
3 + (-79 + 91 - (-3 + 12)) + (2 - 31)
-23
Evaluate 18 + (-108 - -102) + (-2 - -2) + (-4 - -6).
14
Evaluate 5 + -14 + -1 + (-7 + 9 - -1).
-7
(-12 - -1) + (44 - (25 - 28)) - -11
47
Evaluate -2 + -2 - (1132 + -1101 + -1 + 35).
-69
What is the value of -80 + (71 - -28 - 57)?
-38
(-3 - 5) + (0 + -11 - -4 - (-24 - -6))
3
Evaluate (-1 - (19 + -18 - 0)) + -8 + -5.
-15
7 + (-128 - (0 + -9 + 12) - (25 + -28))
-121
-113 - (-11 + -11 + -56)
-35
Calculate -2 - (4 - 6 - -1) - (-7 + -4).
10
Evaluate (-29 + -55 - -47) + 3.
-34
What is 14 + (-9 - 12) - (-17 + 16 + -69)?
63
-66 + 27 + -30 + 9 + -11
-71
What is the value of (50 - 58) + 3 + 33 - (2 - 4 - 11)?
41
What is 8 - (-2 + 1) - (-31 - (-14 - 6))?
20
What is the value of -23 + (7 - -9) + -23 - 19?
-49
(22 - (19 + (37 - 93))) + 13
72
Evaluate 108 - (121 - 13) - (-5 + 3 + 110 + -2).
-106
Calculate -10 - (3 + (-7 - (-8 + (81 - (3 + 3))))).
61
What is the value of 111 - ((1 - (30 + -19)) + (25 - 4) + -3)?
103
Evaluate -38 + (84 - (-5 + 35)).
16
Evaluate -30 + (16 + -13 + -35 - -1 - -16).
-45
(-5 - -11) + 49 - (-193 + 205)
43
Calculate 45 - (10 + (27 - -50)).
-42
Calculate 4 + (-6 - 6 - 1) + 108 + 7 + -11.
95
Calculate 13 + 150 + 162 + -480.
-155
What is the value of 22 + (-8 - -16) + -4 - (-27 + 39)?
14
Evaluate (-19 - (-187 + 173 - (1 + -10))) + 6 - -21.
13
What is the value of 3 - ((4 + -17 - (-20 + -1)) + 8)?
-13
Calculate -8 + (8 - (3 + -13 - -25)) + 18.
3
Calculate -43 + 1 - ((-168 - -66) + 98).
-38
Calculate 40 + ((1 - 2) + 1 - 1 - (179 - 187)).
47
Evaluate 18 - (26 + (22 - -15)).
-45
Evaluate -34 + 18 + 24 - 20 - (-131 + (4 - 1)).
116
Evaluate -1731 + 1731 - (4 + (1 - -1)).
-6
What is the value of -5 + (-2 - -1) + 52 + -46 + -5?
-5
Evaluate (22 - (-7 + 37) - (0 - 1)) + 10 + 4.
7
412 - 381 - (3 - -8 - 2)
22
0 + 23 + (49 - 20 - 32)
20
Evaluate -29 + 46 + -69 + 60.
8
Calculate -9 + (6 - (-19 - 13)) + -103.
-74
What is (3 - -50 - (27 - 25) - -2) + 3 + 6?
62
11 - (8 + -12 + -6 - -44 - -7)
-30
What is the value of -42 + 1 + 12 + 11 + 33?
15
Calculate -16 - (-1 + 21 - -4 - 10) - 9.
-39
Evaluate 51 - (10 - (-8 - (4 - 13)) - (1 - -15)).
58
-6 + 25 + -10 + 23 - 103
-71
Calculate (-13 - -193) + (101 - 32) + -116.
133
-20 - -47 - (-24 - 4)
55
Calculate 21 - (51 + (-17 - -3)) - -15.
-1
(-1316 - -1294) + (-1 - 9) - -27
-5
Calculate 98 - 26 - (168 + -178 - (-25 - -2)).
59
What is the value of (-18 - -16) + 108 - (12 - (6 - 14))?
86
Evaluate 7 + 21 + -4 + (-25 - (-67 - -63)).
3
What is (-28 + 31 - -42) + -26 - (1 + 7)?
11
Calculate (118 - -6) + (73 - 80 - (-7 + 1) - 14).
109
Calculate 0 - (-11 + (44 - 7) + -2).
-24
What is 733 + -749 + (1 - 75) - -27?
-63
40 + -24 + 38 + 0 + -13
41
Calculate -6 + 1 + -42 + (12 - ((2 - 7) + 14)).
-44
Evaluate 21 + (-3 + 15 + -21 - -26 - 61).
-23
Evaluate 622 - 635 - (-45 - (-2 + -1 - -2)).
31
Calculate (26 - (-3 + 4)) + (1032 - 984).
73
(1 - -122) + (11843 - 11898)
68
What is 5 - (118 - (-3 - -3)) - 2 - (517 - 523)?
-109
(-86 - (25 + -114) - (-1 + 2 + 1)) + -68
-67
Calculate 41 + (-32 - -12) - 33 - -59.
47
What is the value of -12 + 16 - (32 + -21 + -21)?
14
Calculate 4 + 6 - ((32 - 11) + 22).
-33
What is 5 + ((-6 - -3) + 11 - (-613 + 665))?
-39
What is -61 + (-16 - (-83 - -69))?
-63
What is the value of 1 + (0 - 0 - 6) - (1 + -39 + 59)?
-26
Calculate (-13 - -1 - -6) + -9 - (36 + -61 + -37).
47
What is 1 + 61 + -11814 + 11765?
13
Evaluate -5 + (-5 - 3) + (-137 - -146).
-4
Evaluate -7 + (31 - -4) + 10 + 4.
42
What is the value of 18 - -4 - 35 - (-1 + 3 + -4) - 53?
-64
(7 - 10) + -14 - (3 + 20 + -14)
-26
What is 82 + (38 - 121) - (-27 + (0 - -2) + -1)?
25
What is the value of -2 + -26 + 53 - (-4 + -2)?
31
What is the value of (10 - 0) + (-107 - -101) + -26 + 0 + 1?
-21
What is -2 - ((-10 - 3) + 7 - -16 - -50)?
-62
Calculate -31 - (-2 + 22) - (85 + -63).
-73
Calculate -58 + 85 + -21 + -90 + 5.
-79
-24 + (-86 - -27) - -113
30
What is the value of (-30 - 28) + 26 - (-4 + -23)?
-5
Evaluate -9 - (-53 - ((6 - 4 - -3) + 2)).
51
Evaluate -1 + 46 + (723 - 734 - (1 - 14) - -3).
50
Evaluate (6 - 84) + 36 + -30 + 31.
-41
Calculate 16 - (47 - 20 - (5 + 6)).
0
What is 0 - -1 - 5 - (1253 - 1199)?
-58
What is -18 + (11 - 3) + (14 + -9 + 2 - 34)?
-37
What is 1 + 21 + (-128 + 91 - -44)?
29
Evaluate (-10 + 61 - 1) + (-12 - (6 - 9)).
41
-1 + -6 - (-46 - (-7 - 12))
20
What is the value of 44 + -27 + 14 + 59 + -53?
37
Calculate (-17 - 14) + (-1 - -10) + -12.
-34
Evaluate 7 - (20 - (27 + -12) - 9) - (-1 + 139).
-127
What is the value of -2 + 35 - (-21 - (-28 - (-22 + 29)))?
19
What is the value of -44 + -1 + -25 + (66 - 28) + (-16 - -4)?
-44
What is the value of -23 - 15 - (6 + -2) - 12?
-54
Calculate -114 - (-72 - (39 + -43)).
-46
What is the value of 18 + (-19 - (45 - 48)) + 128?
130
(-13 - -43) + -13 + 0 + 1 + -45
-27
Evaluate (0 - 101) + -120 + (-2 - -121).
-102
-73 - (28 - -12 - 27) - -13
-73
-76 + (222 - 114) + 43
75
Calculate 2 - (1 + 36 + -152 - (1 - -2 - 5)).
115
-19 + (-27 - 1) + 14
-33
What is the value of (-20 - 1) + 1 + 113 + (-251 - -158)?
0
What is the value of 78 - (17 + 11 - 6)?
56
-3 + 5 - -31 - 42 - 7
-16
8 + 9 + (25 - 61) - -2
-17
Calculate 12 + (-95 + 96 - (2 - (5 - 0)) - 10).
6
What is the value of 7 + -77 + (69 - 48)?
-49
What is the value of -44 + (-10 - (-10 + 0 - -1)) + 1?
-44
What is 62 + 173 - 200 - (2 - -117)?
-84
What is the value of 6 + 25 - (-22 + 43 - 43)?
53
Evaluate (24 - 20) + 42 + -3.
43
What is -11 + (14 + 33 + -11 - 48)?
-23
Calculate 5 - 7 - (-13 - -1) - (159 - 173).
24
What is the value of (-1 - -88) + (-7873 - -7871)?
85
What is -13 + 52 + -19 - 61?
-41
What is -118 - -138 - (-4 - (10 + -2))?
32
What is the value of 26 + -20 + -19 + (11 - 1) + -61?
-64
Evaluate (8 - 1 - ((16 - 38) + (25 - 0))) + 12.
16
Evaluate -7 + (16 - -1 - (-45 - -21 - -25)).
9
Calculate 27 + (5 - 58) + -12.
-38
-11 + (182 - (125 - 78))
124
Calculate (-21 + 39 - 23) + -17 - -91 - -17.
86
What is -142 + 187 + -80 - (-1 - 13)?
-21
What is the value of (-8 - 4 - 10) + 28 - -4?
10
Calculate -16 + (18 - (-64 + 50)).
16
Calculate -625 - -677 - (39 + 0).
13
-66 - (-47 + -12) - -55
48
Calculate -37 - ((-123 - -127) + -20 + 1).
-22
31 + 13 + -99 + 50
-5
Calculate 6 - (-4 - (6 + -10)) - (-29 - -25).
10
-83 + (113 - (-75 - -47))
58
Evaluate (109 + -50 - 165) + 29.
-77
Evaluate -58 + (1 + -2 - -89).
30
46 + -83 + -50 + (25 - -8)
-54
What is the value of -36 + (25 - -11) + -20 + -38?
-58
What is (-11 - (3 + -2 + 2)) + (44 - (-7 - -59))?
-22
What is -13 - -69 - (30 + -28)?
54
Calculate 151 + -44 + -1 + -134.
-28
What is 1 - (8 + -13 - (-107 + -22))?
-123
-50 + 149 + -57 + -37 + -1 + (-85 - 1)
-82
What is the value of -5 